the tens digit of o(p)?
1
Let g = -94 - -147. What is the tens digit of g?
5
What is the tens digit of -1*(-11)/((-11)/(-52))?
5
Let i = 10 - -2. Suppose -n = -5*k - 0*k + 14, 4*k = n + i. What is the units digit of k?
2
Let m = 25 - 13. Suppose -v + 3*v - m = 0. What is the units digit of v?
6
Let c(d) = d**3 + d**2 - 11. Let x be c(0). Let w = 3 + x. Let u = -5 - w. What is the units digit of u?
3
Let d = 5 + -5. Suppose 96 = 4*a - d*a. Suppose -2*s + a = s. What is the units digit of s?
8
Let h(o) be the first derivative of -o**4/4 - 8*o**3/3 - o**2/2 + 3*o + 6. What is the tens digit of h(-8)?
1
Let n(b) = -4*b**2 - b. Let x be n(1). Let m(t) = t**2 + t - 7. What is the tens digit of m(x)?
1
Suppose 4*k + 38 = -2*r, 0 = 2*k - 5*k - 12. Let h(w) = 2 - 5*w + 5*w - w. What is the tens digit of h(r)?
1
Let g(v) = -33*v**3. What is the tens digit of g(-1)?
3
Let o(a) be the first derivative of -a**4/4 + 10*a**3/3 - 5*a**2 + 2*a - 3. Let m be o(8). Suppose 5*v - m = -0*v. What is the tens digit of v?
1
Suppose 0 = -5*f - 5*b + 5, -f - 1 = f + 3*b. Let n(s) = s**3 - 7*s**2 - 9*s + 15. Let v be n(8). Let g = v + f. What is the units digit of g?
1
Suppose 0 = -m + 14 - 7. Suppose 2 + m = p. What is the units digit of p?
9
Let z(b) = 8*b**2 - 1. Let a be z(1). Let r = a + -3. What is the units digit of r?
4
Let m be (-36)/(-3) - (-1 - -2). Let i = m - 8. Suppose -5*b + 4*q = -24, 4*b - 13 = -i*q - 0*q. What is the units digit of b?
4
Let m(b) = -b**3 + b**2 + b + 10. Let z(k) = -k**2 + 4*k + 5. Let g be z(5). Let y be m(g). What is the units digit of 1/2*(2 + y)?
6
Suppose 255 = 5*a - 5*n, 2*n = a - 2*n - 48. What is the units digit of (a/8)/((-1)/(-2))?
3
Let d = -30 - -56. What is the tens digit of d?
2
Let l(a) be the second derivative of -a**5/10 - a**4/12 - a**3/6 - a**2/2 - a. Let d(y) = y**3 - 3*y**2 + y + 1. Let o be d(2). What is the units digit of l(o)?
1
Suppose 0*t = 10*t - 2580. What is the units digit of t?
8
Let z(k) = -k**2 - 14*k - 7. What is the tens digit of z(-10)?
3
Suppose g + 4*i = -i - 15, 0 = i + 4. Let a = -4 - -12. Suppose -g*c + 28 = 4*s - 6*s, -4*c + a = 2*s. What is the units digit of c?
4
Suppose 0 = -h + 3*f + 310, -3*h = -5*h - f + 634. What is the tens digit of h?
1
Let g(i) = i**2 + 3*i - 2. Let z be g(-4). Suppose 0*m - z*m + 32 = 0. What is the units digit of m?
6
Let y(v) = 3*v**2 + 1. Let d be y(1). Suppose 0 = x - d, 4*i - 5*i + 15 = 3*x. Suppose 3*g = 2*t - 23, -i*g = -2*t - 4*g + 35. What is the units digit of t?
6
Suppose -5*y + 0*y - 35 = 0. Let a = y + 8. What is the units digit of a?
1
Suppose -350 - 55 = -3*y. What is the hundreds digit of y?
1
Let b(i) = -i**3 - 9*i**2 + i + 7. Let g be b(-10). Suppose -3*u + 3*f + 72 = 0, -4*u + 3*f = -0*u - g. What is the tens digit of u?
2
Suppose -o + 47 = 3*a, 4*o - 201 = -5*a - 27. What is the units digit of o?
1
Let r(a) = -3*a - 1 + 3*a - a**3 - 4*a - 3*a**2. Let g be r(-4). Let s = -22 + g. What is the units digit of s?
9
Let a = -3 - -6. Suppose -a*x = -x - 36. What is the tens digit of x?
1
Suppose 2*i - 3*f = -2, -3*i = 2*f + 2*f + 3. Let r = i - -7. What is the units digit of r?
6
Let l(s) = 4*s - 6. Suppose f - 25 = 5*j, -5*f - 49 = j + 3*j. Let d be ((-4)/(-3))/(j/(-27)). What is the tens digit of l(d)?
1
Let h be 5/2*4/5. Suppose 4 = -4*p, g + 4*p - h = -4. What is the units digit of (4/8)/(g/20)?
5
Let p = 7 + -6. Let o be p + -1 + -1 + 3. Suppose -o*j + 15 = -19. What is the tens digit of j?
1
Let h = -3 - -7. Let f be (132/(-8))/((-2)/h). Let y = f - 22. What is the tens digit of y?
1
Let y(p) = -p**3 + 7*p**2 + 10*p - 3. Let z be y(8). Suppose w + 2 - 11 = -2*j, -w - 4*j = -z. What is the units digit of w?
5
Suppose -2*k = l - 11, -6*k = 5*l - 3*k - 27. Let i(u) be the second derivative of -u**5/20 + u**4/4 + 5*u**3/6 - u**2 - u. What is the tens digit of i(l)?
1
Let o(l) be the second derivative of -l**3/6 + 4*l**2 + 4*l. What is the units digit of o(0)?
8
Suppose 4*u - 8*u + 280 = 0. What is the units digit of u?
0
Let t = 18 + 55. What is the units digit of t?
3
Let c = -18 - -25. Let h = 6 + -10. Let l = c + h. What is the units digit of l?
3
Suppose 0 = -3*v - 2*b - 7, -1 = -b - 0. What is the tens digit of (-6 - -26) + 0 + v?
1
Suppose 3*l = -2*l - 2*d + 134, -4*l - d + 106 = 0. What is the tens digit of l?
2
Suppose -2*n - 16 = 2*n. What is the units digit of (-4)/8 + (-22)/n?
5
What is the units digit of 62 - -3 - (1 + -1)?
5
Suppose 0 = -6*r + 2*r + 5*g - 26, -14 = 5*r + 3*g. Let m = -4 - r. What is the units digit of 6*(-1)/(-1 - m)?
6
Let w(x) = 2*x**3 - x**2 + 2*x - 1. Let g be w(1). Suppose -136 = -g*z - 2*z. What is the tens digit of z?
3
Let s(i) = -i - 5. Suppose 0 = 2*w + 16 - 2. What is the units digit of s(w)?
2
Let p(l) = 2*l + 1. Let d be p(1). Let b(v) = -v**2 - 5*v. Let n be b(-4). Suppose x + 4*z + 18 = d*x, -5*z + 36 = n*x. What is the units digit of x?
9
Let n(r) = r**2 - 3*r - 1. Let d be n(3). Suppose 2*g = 4*c + 12, c + 0*c - 8 = -5*g. What is the units digit of (c - 4)*d + -2?
4
Let g = -28 - -61. What is the tens digit of g?
3
Suppose -4*f = -4 - 148. What is the units digit of f?
8
Suppose -53 = -3*y + 163. Suppose y = q + q. What is the units digit of q?
6
Let r(k) = 3*k - 2. Let g = -6 - -10. Suppose g*d + 8 = 6*d. What is the tens digit of r(d)?
1
Let l(w) = -w**3 - 6*w**2 - 3*w + 4. Let q be l(-4). Let g = -8 - q. What is the units digit of g?
8
Let t be (6/9)/((-2)/(-15)). Suppose -d + t*m - 15 = 4*d, -4*m + 4 = 4*d. What is the units digit of (-1 + 2)*(0 - d)?
1
Let r be (3 + -2)/(2 - 3). Let d be r + -4 - (0 - -3). What is the units digit of d/(-1) + 3*-1?
5
What is the units digit of (-1 - (-633)/12)*24/9?
8
Let w(i) = 3*i**2 + i + 4. What is the units digit of w(-2)?
4
Suppose 54 + 33 = 3*j. What is the tens digit of j?
2
Let g(j) = -j**3 - 6*j**2 - j - 6. Let l be g(-6). Suppose -3*r = -2*f + 22, 0 = -2*f - l*r + 5*r + 14. What is the tens digit of f?
1
Let f be 24/40 + (-24)/(-10). Suppose -42 = -5*j + f. What is the units digit of j/2*(0 - -2)?
9
Suppose -2*z + 112 = 4*v, -5*v - 129 + 353 = 4*z. What is the units digit of z?
6
Let y(m) = m**2 - m - 1. Let h(z) = -z + 8. Let d be h(4). Suppose -a + 3*a - d = 0. What is the units digit of y(a)?
1
What is the units digit of 1/(-2) + (-46)/(-4) + 7?
8
Suppose -h - 3*h + 512 = 0. What is the units digit of h?
8
Suppose 2*x - 8 = 4*l, -l + 3*l - 2 = 4*x. Let g(u) = 0 - u - u**2 - 1 - 3*u. What is the units digit of g(l)?
2
Let q(a) = -a**2 - 5*a - 6. Let j be q(-4). Let b be j + 1 - 4/(-2). What is the units digit of 2 + b + 2/(-2)?
2
Let l be -1 + (2 - 10 - 0). What is the units digit of 5/(1*(-3)/l)?
5
Let h = 21 + 24. Suppose -3*s - h = -6*s. Suppose 0*y = 5*y - s. What is the units digit of y?
3
Let n be (-205)/(-9) - 2/(-9). Suppose -5*c - 2*i - 123 = 0, -n = c + i + 1. What is the units digit of (60/c)/((-6)/40)?
6
Let p = 14 + -26. Let w be 6/4*(-16)/p. Suppose -5*b - w*c = -41, -3*c + 38 = 4*b - 4*c. What is the units digit of b?
9
Suppose 0 = -4*t + 12, 2*n - 2*t - 3*t = 79. Let l = n - 34. What is the tens digit of l?
1
Suppose 83 = o - m - 30, -3*o + 307 = 5*m. What is the tens digit of o?
0
Let l(x) = x**3 - 3*x**2 - 4*x + 2. Let y be l(4). Let h be 1*4*(-15)/(-12). Suppose p + 4*v = 20, -h*p + v = -y*p - 47. What is the tens digit of p?
1
Let i = 32 + -27. What is the units digit of i?
5
Let m(r) = r**3 - 3*r**2 + 2*r - 3. Let d(h) = h - 3 + h**3 + 6*h**2 - 6*h**2 + 4*h**2. Let p be d(-3). What is the units digit of m(p)?
3
Let d(j) = j**2 + 3*j - 6. Let v be d(-5). Suppose -14 = v*f - 74. What is the tens digit of f?
1
Suppose 5*u = -l + 372, -3*u - l = l - 219. What is the units digit of u?
5
Suppose -279 = -4*q - 3*t, t = 2*t - 1. Suppose 3*n - 4 + 34 = f, -3*f + q = -2*n. What is the units digit of f?
1
Let q be (-9)/(-5 + 2) + 5. What is the tens digit of 6/q - (-648)/32?
2
Suppose -26 = -4*n - 2. What is the units digit of n?
6
Let i = -48 + 57. What is the units digit of i?
9
Let k(c) be the third derivative of -c**4/2 + c**3/3 - 11*c**2. What is the tens digit of k(-2)?
2
Suppose -20 = 3*u - q + 5*q, -4*u - 5 = q. Let b = u - -4. What is the units digit of b?
4
Let k(i) = 8*i + 3. Let v be k(4). Suppose 0*c + 5*c = v. What is the units 